+ -10100?
11000101111110100110000
In base 2, what is 101111001000111 + -1110010000101?
100000111000010
In base 15, what is 11068c7 - 6?
11068c1
In base 4, what is -332102230000002 - 3?
-332102230000011
In base 3, what is -1000 + -10122102022102?
-10122102100102
In base 15, what is 16 + 966?
97c
In base 6, what is -10 - -2333235104?
2333235054
In base 12, what is 21 - -3733074?
3733095
In base 12, what is 9571 + -645?
8b28
In base 12, what is 3147 - -1758?
48a3
In base 6, what is -530134130 + 35?
-530134051
In base 5, what is -2101444 + -22311?
-2124310
In base 7, what is -202505 - -43251?
-126224
In base 6, what is -1253520 + -112?
-1254032
In base 3, what is -221 + -102122001011011?
-102122001012002
In base 13, what is -383c8b78 + 5?
-383c8b73
In base 13, what is -bc66062 - 5?
-bc66067
In base 4, what is -31132 + -32220023?
-32311221
In base 14, what is -99c2 - -129c?
-8724
In base 14, what is 381a952 - -1?
381a953
In base 8, what is -42245127 - 3?
-42245132
In base 15, what is 16 - -20ed88d?
20ed8a4
In base 11, what is 0 + 849977?
849977
In base 12, what is -2441 - -1058a?
a149
In base 11, what is -7a78 - 255?
-8222
In base 2, what is -1101011000101010101011 + 11?
-1101011000101010101000
In base 13, what is c + -203a86?
-203a77
In base 2, what is -100000010011000001111 + 10011?
-100000010010111111100
In base 3, what is 11220202 + 110122002?
122112211
In base 10, what is -5723822 - -1?
-5723821
In base 11, what is 20 + 45a1aa?
45a21a
In base 3, what is -110110120001110 + 12?
-110110120001021
In base 8, what is -104 + 1350672?
1350566
In base 15, what is 5 - a18132?
-a1812c
In base 5, what is 13 - 11203443222?
-11203443204
In base 14, what is -4d - 3585?
-35d4
In base 15, what is -2583 + 1241?
-1342
In base 11, what is 50 - 8a773?
-8a723
In base 9, what is 5 + 56354566?
56354572
In base 11, what is 42274 - 182?
420a2
In base 3, what is 10000101 + -1001102?
1221222
In base 13, what is 5 - -7c834b1?
7c834b6
In base 9, what is -32 + -6088242?
-6088274
In base 14, what is 1c0c + -1b066?
-19258
In base 7, what is 66 - -21260231?
21260330
In base 12, what is -850bb69 - -2?
-850bb67
In base 2, what is 10011001100010111 - -11101100?
10011010000000011
In base 6, what is 142150 + -1000?
141150
In base 6, what is 232 - 123434?
-123202
In base 7, what is 1010 - 41240?
-40230
In base 13, what is -2 + 1089a57?
1089a55
In base 9, what is -440 + 3343471?
3343031
In base 10, what is 302 + 14979?
15281
In base 7, what is 224 + 6431?
6655
In base 7, what is -3 + -362520443?
-362520446
In base 14, what is -105d3235 + -6?
-105d323b
In base 8, what is 13 + 1010712?
1010725
In base 11, what is -40a9 - 9?
-4107
In base 14, what is -7 + 7bac014?
7bac00b
In base 15, what is 1 - 3d319d?
-3d319c
In base 13, what is 115bc + 2572?
13b61
In base 3, what is -10 + -22221121110220221?
-22221121110221001
In base 7, what is 601136 - 3410?
564426
In base 13, what is 20c + 5471?
5680
In base 9, what is 1065 - 141684?
-140618
In base 5, what is -132200 - -14100?
-113100
In base 8, what is 177356203 - 33?
177356150
In base 15, what is -1d9e949 + -1?
-1d9e94a
In base 15, what is -6 + -22bb59b?
-22bb5a2
In base 3, what is 11201 + 2001121222012?
2001122010220
In base 9, what is -24 + -17625181?
-17625215
In base 15, what is 21c9ba - 2a?
21c990
In base 6, what is -1410231 - 100?
-1410331
In base 7, what is 12 + 232501316?
232501331
In base 11, what is 24 + -64229?
-64205
In base 5, what is 1 - -133304133411?
133304133412
In base 8, what is 23315135075 - -3?
23315135100
In base 11, what is 3 + -2686655?
-2686652
In base 15, what is 1dd9ea - -9?
1dda04
In base 7, what is -536210546 + 0?
-536210546
In base 4, what is -3132321302 + 113?
-3132321123
In base 10, what is -227 + 642350?
642123
In base 8, what is -60306 - -5?
-60301
In base 4, what is 301201331003 - -3?
301201331012
In base 6, what is 240350030 + 5?
240350035
In base 8, what is -14603763 - -303?
-14603460
In base 2, what is 1000111111011010100010 + -100?
1000111111011010011110
In base 11, what is -571a709 + -10?
-571a719
In base 7, what is -5426 + 20525?
12066
In base 10, what is 36 - -11867346?
11867382
In base 7, what is -3 + 545406345?
545406342
In base 9, what is -137 + -26105?
-26243
In base 12, what is -3a186a - 3?
-3a1871
In base 12, what is bab + -7b192?
-7a1a3
In base 2, what is 1011110001101111001100 - -100?
1011110001101111010000
In base 3, what is 121221 + -222210022?
-222011101
In base 14, what is -117b + db?
-1080
In base 7, what is -13 + 16106665?
16106652
In base 11, what is 657786 - -2?
657788
In base 4, what is 102330 - -12212123?
12321113
In base 16, what is -7af6 - 17f?
-7c75
In base 14, what is -52 - -14741?
146cd
In base 5, what is -14301213222 + -1?
-14301213223
In base 2, what is -11 + -10001111010111000000110010?
-10001111010111000000110101
In base 13, what is -6c2c8 - a?
-6c305
In base 7, what is 5605 - 141226?
-132321
In base 5, what is -1 - 14402244224?
-14402244230
In base 8, what is -646 - 10063612?
-10064460
In base 14, what is -7 - 125585c2?
-125585c9
In base 3, what is 211110 + 1101010112?
1101221222
In base 4, what is -22112 - 31220133?
-31302311
In base 15, what is -456d + -20a?
-4778
In base 9, what is -371 + 18081?
17610
In base 13, what is -9a + 151c?
1452
In base 10, what is 684719 - -7?
684726
In base 13, what is 47b6 + -1b4?
4602
In base 16, what is 1b1a6 + -df?
1b0c7
In base 8, what is -533356 - -20?
-533336
In base 7, what is -30 - 134445051?
-134445111
In base 5, what is -33214102 - 210?
-33214312
In base 3, what is -20211 + -10210212?
-11001200
In base 13, what is -4c9 - -10c10b?
10b912
In base 5, what is -2 + -10330221041?
-10330221043
In base 15, what is 1d25 + 366a?
5490
In base 4, what is 121202323 - 11011?
121131312
In base 16, what is 6d80 + -5?
6d7b
In base 5, what is 32 - 1243343121?
-1243343034
In base 11, what is -425a7 + 8a?
-42518
In base 8, what is 6104 + -674?
5210
In base 13, what is 309 + -88145?
-87b39
In base 7, what is -2 - 25130101?
-25130103
In base 13, what is -85 - 2912975?
-2912a2a
In base 10, what is 388 - 7853?
-7465
In base 15, what is 37 - 4978?
-4941
In base 7, what is 26263454 + 40?
26263524
In base 2, what is 110011111001101110110 - -1?
110011111001101110111
In base 14, what is -575 - 6590?
-6b25
In base 15, what is -2787230 - 4?
-2787234
In base 3, what is -10020010202210 + 122?
-10020010202011
In base 15, what is -24 - -18876e?
18874a
In base 7, what is -10 - 206033413?
-206033423
In base 16, what is 79e1d + 8?
79e25
In base 10, what is -14681844 + 4?
-14681840
In base 5, what is -10 + 143342243?
143342233
In base 16, what is 68472cc + 1?
68472cd
In base 15, what is -6 + -823a4a?
-823a51
In base 14, what is babd19b - 1?
babd19a
In base 9, what is 27437 - 466?
26861
In base 6, what is -52141420 - 1312?
-52143132
In base 4, what is 30 - 23131222011?
-23131221321
In base 4, what is -110300 + -1201123013?
-1201233313
In base 3, what is -12121212011 - 211?
-12121212222
In base 12, what is 6 + 3018562?
3018568
In base 6, what is 254553 - 212?
254341
In base 7, what is -60 - -331205?
331115
In base 11, what is 595 - -3266a?
33154
In base 7, what is 13400202466 - -2?
13400202501
In base 4, what is -111101022 - -11?
-111101011
In base 7, what is 2 + -3130403225?
-3130403223
In base 6, what is -325523503 + -42?
-325523545
In base 16, what is -834 + -350?
-b84
In base 9, what is 73008544 + -3?
73008541
In base 10, what is 1 + 8156517?
8156518
In base 6, what is 2240 - -54400?
101040
In base 5, what is 2 - -242440434201?
242440434203
In base 8, what is -5123172 + 54?
-5123116
In base 6, what is -10103 + -24205402?
-24215505
In base 8, what is 244767222 + 3?
244767225
In base 8, what is -3311257632 - -3?
-3311257627
In base 7, what is -2 - 555412453?
-555412455
In base 5, what is 20431130 - -11112?
20442242
In base 16, what is -1f76bcf - 3?
-1f76bd2
In base 8, what is 144417 - -10046?
154465
In base 15, what is 9eb5b + -20?
9eb3b
In base 7, what is 254265605 - 0?
254265605
In base 14, what is -847666 - 54?
-8476ba
In base 11, what is 170459 - -7?
170465
In base 13, what is -bc66a5 + 5?
-bc66a0
In base 3, what is -1001 + 200102100011?
200102022010
In base 5, what is -1442332242320 - 1?
-1442332242321
In base 7, what is -163566141 + 22?
-163566116
In base 12, wh